{"id":3536,"date":"2025-04-28T22:23:41","date_gmt":"2025-04-28T22:23:41","guid":{"rendered":"https:\/\/connectbrussels.eu\/project\/mon-e-pal-encourager-le-benevolat-numerique-chez-les-personnes-agees\/"},"modified":"2025-04-29T13:50:25","modified_gmt":"2025-04-29T13:50:25","slug":"mon-e-pal-encourager-le-benevolat-numerique-chez-les-personnes-agees","status":"publish","type":"project","link":"https:\/\/connectbrussels.eu\/fr\/project\/mon-e-pal-encourager-le-benevolat-numerique-chez-les-personnes-agees\/","title":{"rendered":"Mon e-Pal : Encourager le b\u00e9n\u00e9volat num\u00e9rique chez les personnes \u00e2g\u00e9es"},"content":{"rendered":"<p>L&rsquo;objectif du projet E-pal \u00e9tait de renforcer les comp\u00e9tences num\u00e9riques des personnes \u00e2g\u00e9es, gr\u00e2ce \u00e0 la mise \u00e0 disposition d&rsquo;outils et d&rsquo;interventions p\u00e9dagogiques num\u00e9riques innovants, tels que le volontariat num\u00e9rique, incluant \u00e9galement des connaissances, des comp\u00e9tences et des ressources dans le domaine de l&rsquo;\u00e9ducation des adultes, de l&rsquo;apprentissage par l&rsquo;exp\u00e9rience, de l&rsquo;application d&rsquo;outils num\u00e9riques et de techniques de bien-\u00eatre. En d&rsquo;autres termes, le projet visait \u00e0 am\u00e9liorer la vie des personnes \u00e2g\u00e9es en les aidant \u00e0 utiliser les nouvelles technologies par le biais d&rsquo;un programme \u00e9ducatif holistique sp\u00e9cifiquement con\u00e7u en fonction de leurs besoins et de leurs exigences en mati\u00e8re d&rsquo;apprentissage.<\/p>\n<p>En bref, le projet :<\/p>\n<ul>\n<li aria-level=\"1\">Am\u00e9lioration des aptitudes et comp\u00e9tences professionnelles des jeunes volontaires.<\/li>\n<li aria-level=\"1\">Am\u00e9lioration du niveau de vie et du bien-\u00eatre des utilisateurs finaux (personnes \u00e2g\u00e9es de plus de 60 ans), qui s&rsquo;\u00e9tait d\u00e9grad\u00e9 en raison du confinement et de l&rsquo;incertitude li\u00e9e \u00e0 la pand\u00e9mie.<\/li>\n<li aria-level=\"1\">Am\u00e9lioration des comp\u00e9tences num\u00e9riques non techniques des apprenants seniors.<\/li>\n<li aria-level=\"1\">Sensibilisation \u00e0 l&rsquo;importance du bien-\u00eatre et du vieillissement actif.<\/li>\n<li aria-level=\"1\">Am\u00e9lioration des portefeuilles des \u00e9tablissements d&rsquo;enseignement, gr\u00e2ce \u00e0 l&rsquo;utilisation de mat\u00e9riel de formation num\u00e9rique innovant couvrant tous les aspects de la vie.<\/li>\n<li aria-level=\"1\">Les jeunes ont eu l&rsquo;occasion de devenir actifs au sein de la communaut\u00e9 et de s&rsquo;engager aupr\u00e8s des groupes vuln\u00e9rables et exclus.<\/li>\n<li aria-level=\"1\">Minimiser le foss\u00e9 interg\u00e9n\u00e9rationnel.<\/li>\n<\/ul>\n","protected":false},"featured_media":3375,"template":"","meta":{"_acf_changed":false},"country":[66,82],"project-status":[85],"role-of-connect-brussels":[72],"class_list":["post-3536","project","type-project","status-publish","has-post-thumbnail","hentry","country-belgique","country-bulgarie","project-status-projet-acheve","role-of-connect-brussels-coordinateur-de-projet"],"blocksy_meta":[],"acf":[],"_links":{"self":[{"href":"https:\/\/connectbrussels.eu\/fr\/wp-json\/wp\/v2\/project\/3536","targetHints":{"allow":["GET"]}}],"collection":[{"href":"https:\/\/connectbrussels.eu\/fr\/wp-json\/wp\/v2\/project"}],"about":[{"href":"https:\/\/connectbrussels.eu\/fr\/wp-json\/wp\/v2\/types\/project"}],"wp:featuredmedia":[{"embeddable":true,"href":"https:\/\/connectbrussels.eu\/fr\/wp-json\/wp\/v2\/media\/3375"}],"wp:attachment":[{"href":"https:\/\/connectbrussels.eu\/fr\/wp-json\/wp\/v2\/media?parent=3536"}],"wp:term":[{"taxonomy":"country","embeddable":true,"href":"https:\/\/connectbrussels.eu\/fr\/wp-json\/wp\/v2\/country?post=3536"},{"taxonomy":"project-status","embeddable":true,"href":"https:\/\/connectbrussels.eu\/fr\/wp-json\/wp\/v2\/project-status?post=3536"},{"taxonomy":"role-of-connect-brussels","embeddable":true,"href":"https:\/\/connectbrussels.eu\/fr\/wp-json\/wp\/v2\/role-of-connect-brussels?post=3536"}],"curies":[{"name":"wp","href":"https:\/\/api.w.org\/{rel}","templated":true}]}}

Mon e-Pal : Encourager le bénévolat numérique chez les personnes âgées

<p>L&rsquo;objectif du projet E-pal était de renforcer les compétences numériques des personnes âgées, grâce à la mise à disposition d&rsquo;outils et d&rsquo;interventions pédagogiques numériques innovants, tels que le volontariat numérique, incluant également des connaissances, des compétences et des ressources dans le domaine de l&rsquo;éducation des adultes, de l&rsquo;apprentissage par l&rsquo;expérience, de l&rsquo;application d&rsquo;outils numériques et de techniques de bien-être. En d&rsquo;autres termes, le projet visait à améliorer la vie des personnes âgées en les aidant à utiliser les nouvelles technologies par le biais d&rsquo;un programme éducatif holistique spécifiquement conçu en fonction de leurs besoins et de leurs exigences en matière d&rsquo;apprentissage.</p>
<p>En bref, le projet :</p>
<ul>
<li aria-level="1">Amélioration des aptitudes et compétences professionnelles des jeunes volontaires.</li>
<li aria-level="1">Amélioration du niveau de vie et du bien-être des utilisateurs finaux (personnes âgées de plus de 60 ans), qui s&rsquo;était dégradé en raison du confinement et de l&rsquo;incertitude liée à la pandémie.</li>
<li aria-level="1">Amélioration des compétences numériques non techniques des apprenants seniors.</li>
<li aria-level="1">Sensibilisation à l&rsquo;importance du bien-être et du vieillissement actif.</li>
<li aria-level="1">Amélioration des portefeuilles des établissements d&rsquo;enseignement, grâce à l&rsquo;utilisation de matériel de formation numérique innovant couvrant tous les aspects de la vie.</li>
<li aria-level="1">Les jeunes ont eu l&rsquo;occasion de devenir actifs au sein de la communauté et de s&rsquo;engager auprès des groupes vulnérables et exclus.</li>
<li aria-level="1">Minimiser le fossé intergénérationnel.</li>
</ul>
