{"id":3528,"date":"2025-04-28T22:15:53","date_gmt":"2025-04-28T22:15:53","guid":{"rendered":"https:\/\/connectbrussels.eu\/project\/une-approche-innovante-pour-engager-la-jeunesse-europeenne-dans-des-initiatives-entrepreneuriales-positives\/"},"modified":"2026-02-09T09:13:55","modified_gmt":"2026-02-09T09:13:55","slug":"une-approche-innovante-pour-engager-la-jeunesse-europeenne-dans-des-initiatives-entrepreneuriales-positives","status":"publish","type":"project","link":"https:\/\/connectbrussels.eu\/fr\/project\/une-approche-innovante-pour-engager-la-jeunesse-europeenne-dans-des-initiatives-entrepreneuriales-positives\/","title":{"rendered":"Une approche innovante pour engager la jeunesse europ\u00e9enne dans des initiatives entrepreneuriales positives"},"content":{"rendered":"<p>GROWTH a \u00e9t\u00e9 un projet Erasmus+ qui a responsabilis\u00e9 les jeunes \u00e0 travers l&rsquo;Europe \u2014 en particulier ceux issus de milieux \u00e9conomiquement d\u00e9favoris\u00e9s \u2014 en promouvant l&rsquo;entrepreneuriat comme un outil de croissance personnelle, de r\u00e9silience et de changement social. Gr\u00e2ce \u00e0 des programmes de formation innovants, une plateforme d&rsquo;apprentissage en ligne ludique et un mentorat personnalis\u00e9, le projet a offert aux jeunes les comp\u00e9tences, l&rsquo;\u00e9tat d&rsquo;esprit et le soutien communautaire dont ils avaient besoin pour devenir des entrepreneurs confiants et capables. <\/p>\n<p>GROWTH a \u00e9t\u00e9 plus qu&rsquo;un programme d&rsquo;\u00e9ducation commerciale. Il a adopt\u00e9 une approche holistique et inclusive de l&rsquo;autonomisation des jeunes, renfor\u00e7ant l&rsquo;estime de soi des participants, leurs \u00e9motions positives et leur adaptabilit\u00e9 dans un march\u00e9 du travail difficile. Le projet a favoris\u00e9 l&rsquo;apprentissage interculturel, a promu la cr\u00e9ativit\u00e9 et l&rsquo;innovation, et a fourni des outils pratiques qui ont aid\u00e9 les jeunes \u00e0 transformer leurs id\u00e9es en actions.  <\/p>\n<p>Objectifs cl\u00e9s:<\/p>\n<ul>\n<li>A promu les comp\u00e9tences entrepreneuriales gr\u00e2ce \u00e0 une formation pratique, au mentorat et \u00e0 l&rsquo;apprentissage par les pairs. A favoris\u00e9 la compr\u00e9hension interculturelle de l&rsquo;entrepreneuriat des jeunes \u00e0 travers l&rsquo;Europe. <\/li>\n<li>A cr\u00e9\u00e9 des outils d&rsquo;apprentissage durables, notamment une plateforme ludique et une bo\u00eete \u00e0 outils interactive.<\/li>\n<li>A soutenu les jeunes pour qu&rsquo;ils s&rsquo;\u00e9panouissent personnellement et professionnellement en renfor\u00e7ant leur confiance et leur esprit d&rsquo;entreprise.<\/li>\n<\/ul>\n","protected":false},"featured_media":3369,"template":"","meta":{"_acf_changed":false},"country":[83,66,82,67,81,69],"project-status":[85],"role-of-connect-brussels":[76],"class_list":["post-3528","project","type-project","status-publish","has-post-thumbnail","hentry","country-autriche","country-belgique","country-bulgarie","country-grece","country-irlande","country-italie","project-status-projet-acheve","role-of-connect-brussels-partenaire"],"blocksy_meta":[],"acf":[],"_links":{"self":[{"href":"https:\/\/connectbrussels.eu\/fr\/wp-json\/wp\/v2\/project\/3528","targetHints":{"allow":["GET"]}}],"collection":[{"href":"https:\/\/connectbrussels.eu\/fr\/wp-json\/wp\/v2\/project"}],"about":[{"href":"https:\/\/connectbrussels.eu\/fr\/wp-json\/wp\/v2\/types\/project"}],"wp:featuredmedia":[{"embeddable":true,"href":"https:\/\/connectbrussels.eu\/fr\/wp-json\/wp\/v2\/media\/3369"}],"wp:attachment":[{"href":"https:\/\/connectbrussels.eu\/fr\/wp-json\/wp\/v2\/media?parent=3528"}],"wp:term":[{"taxonomy":"country","embeddable":true,"href":"https:\/\/connectbrussels.eu\/fr\/wp-json\/wp\/v2\/country?post=3528"},{"taxonomy":"project-status","embeddable":true,"href":"https:\/\/connectbrussels.eu\/fr\/wp-json\/wp\/v2\/project-status?post=3528"},{"taxonomy":"role-of-connect-brussels","embeddable":true,"href":"https:\/\/connectbrussels.eu\/fr\/wp-json\/wp\/v2\/role-of-connect-brussels?post=3528"}],"curies":[{"name":"wp","href":"https:\/\/api.w.org\/{rel}","templated":true}]}}

Une approche innovante pour engager la jeunesse européenne dans des initiatives entrepreneuriales positives

<p>GROWTH a été un projet Erasmus+ qui a responsabilisé les jeunes à travers l&rsquo;Europe — en particulier ceux issus de milieux économiquement défavorisés — en promouvant l&rsquo;entrepreneuriat comme un outil de croissance personnelle, de résilience et de changement social. Grâce à des programmes de formation innovants, une plateforme d&rsquo;apprentissage en ligne ludique et un mentorat personnalisé, le projet a offert aux jeunes les compétences, l&rsquo;état d&rsquo;esprit et le soutien communautaire dont ils avaient besoin pour devenir des entrepreneurs confiants et capables. </p>
<p>GROWTH a été plus qu&rsquo;un programme d&rsquo;éducation commerciale. Il a adopté une approche holistique et inclusive de l&rsquo;autonomisation des jeunes, renforçant l&rsquo;estime de soi des participants, leurs émotions positives et leur adaptabilité dans un marché du travail difficile. Le projet a favorisé l&rsquo;apprentissage interculturel, a promu la créativité et l&rsquo;innovation, et a fourni des outils pratiques qui ont aidé les jeunes à transformer leurs idées en actions.  </p>
<p>Objectifs clés:</p>
<ul>
<li>A promu les compétences entrepreneuriales grâce à une formation pratique, au mentorat et à l&rsquo;apprentissage par les pairs. A favorisé la compréhension interculturelle de l&rsquo;entrepreneuriat des jeunes à travers l&rsquo;Europe. </li>
<li>A créé des outils d&rsquo;apprentissage durables, notamment une plateforme ludique et une boîte à outils interactive.</li>
<li>A soutenu les jeunes pour qu&rsquo;ils s&rsquo;épanouissent personnellement et professionnellement en renforçant leur confiance et leur esprit d&rsquo;entreprise.</li>
</ul>
