{"id":3526,"date":"2025-04-28T22:09:43","date_gmt":"2025-04-28T22:09:43","guid":{"rendered":"https:\/\/connectbrussels.eu\/project\/sautez-les-obstacles-a-la-mobilite-internationale\/"},"modified":"2025-04-29T13:37:38","modified_gmt":"2025-04-29T13:37:38","slug":"sautez-les-obstacles-a-la-mobilite-internationale","status":"publish","type":"project","link":"https:\/\/connectbrussels.eu\/fr\/project\/sautez-les-obstacles-a-la-mobilite-internationale\/","title":{"rendered":"Sautez les obstacles \u00e0 la mobilit\u00e9 internationale"},"content":{"rendered":"<p>Le projet SBIM r\u00e9pond au besoin pressant d&rsquo;am\u00e9liorer l&rsquo;acc\u00e8s aux opportunit\u00e9s de mobilit\u00e9 internationale (MI) pour les jeunes (PJ), en particulier ceux qui sont le plus \u00e9loign\u00e9s des opportunit\u00e9s (YPFO). D&rsquo;apr\u00e8s les commentaires des animateurs de jeunesse, des volontaires et des organisations partenaires, le projet a \u00e9t\u00e9 motiv\u00e9 par le manque d&rsquo;outils et de strat\u00e9gies cibl\u00e9s pour promouvoir efficacement la MI, en particulier aupr\u00e8s des jeunes ayant moins d&rsquo;opportunit\u00e9s en raison de barri\u00e8res sociales, \u00e9conomiques ou psychologiques.<\/p>\n<p>Le projet rassemble un consortium solide d&rsquo;organisations de jeunesse \u00e0 travers l&rsquo;Europe &#8211; ESN France, OBESSU, CID, Connect Brussels, et Y-E-N &#8211; chacune ayant une expertise av\u00e9r\u00e9e en mati\u00e8re de mobilit\u00e9 internationale, d&rsquo;inclusion et d&rsquo;autonomisation des jeunes. L&rsquo;objectif est de doter les animateurs de jeunesse d&rsquo;outils adapt\u00e9s et efficaces pour sensibiliser aux opportunit\u00e9s de la MI et de d\u00e9velopper des ressources innovantes qui s&rsquo;adressent directement aux jeunes, en particulier \u00e0 ceux qui ne sont g\u00e9n\u00e9ralement pas touch\u00e9s par ce type de programmes.<\/p>\n<p>Le projet aboutira \u00e0<\/p>\n<ul>\n<li aria-level=\"1\">Une analyse des pratiques actuelles des jeunes travailleurs en mati\u00e8re de gestion de l&rsquo;information (WP2),<\/li>\n<li aria-level=\"1\">Une bo\u00eete \u00e0 outils de promotion de la mobilit\u00e9 internationale pour les animateurs de jeunesse (WP3),<\/li>\n<li aria-level=\"1\">Un outil num\u00e9rique interactif pour le parcours de la MI et des vid\u00e9os de sensibilisation pour les jeunes (WP4).<\/li>\n<\/ul>\n<p>Gr\u00e2ce \u00e0 une approche de pair \u00e0 pair et d&rsquo;\u00e9ducation non formelle, le projet garantit que les animateurs de jeunesse acqui\u00e8rent de nouvelles m\u00e9thodes pour promouvoir efficacement la MI et que les jeunes, en particulier ceux qui n&rsquo;envisagent pas la mobilit\u00e9 comme une option, disposent d&rsquo;informations accessibles et attrayantes.<\/p>\n","protected":false},"featured_media":3844,"template":"","meta":{"_acf_changed":false},"country":[66,77,79],"project-status":[55],"role-of-connect-brussels":[76],"class_list":["post-3526","project","type-project","status-publish","has-post-thumbnail","hentry","country-belgique","country-france-fr","country-macedoine-du-nord","project-status-completed-project","role-of-connect-brussels-partenaire"],"blocksy_meta":[],"acf":[],"_links":{"self":[{"href":"https:\/\/connectbrussels.eu\/fr\/wp-json\/wp\/v2\/project\/3526","targetHints":{"allow":["GET"]}}],"collection":[{"href":"https:\/\/connectbrussels.eu\/fr\/wp-json\/wp\/v2\/project"}],"about":[{"href":"https:\/\/connectbrussels.eu\/fr\/wp-json\/wp\/v2\/types\/project"}],"wp:featuredmedia":[{"embeddable":true,"href":"https:\/\/connectbrussels.eu\/fr\/wp-json\/wp\/v2\/media\/3844"}],"wp:attachment":[{"href":"https:\/\/connectbrussels.eu\/fr\/wp-json\/wp\/v2\/media?parent=3526"}],"wp:term":[{"taxonomy":"country","embeddable":true,"href":"https:\/\/connectbrussels.eu\/fr\/wp-json\/wp\/v2\/country?post=3526"},{"taxonomy":"project-status","embeddable":true,"href":"https:\/\/connectbrussels.eu\/fr\/wp-json\/wp\/v2\/project-status?post=3526"},{"taxonomy":"role-of-connect-brussels","embeddable":true,"href":"https:\/\/connectbrussels.eu\/fr\/wp-json\/wp\/v2\/role-of-connect-brussels?post=3526"}],"curies":[{"name":"wp","href":"https:\/\/api.w.org\/{rel}","templated":true}]}}

Sautez les obstacles à la mobilité internationale

<p>Le projet SBIM répond au besoin pressant d&rsquo;améliorer l&rsquo;accès aux opportunités de mobilité internationale (MI) pour les jeunes (PJ), en particulier ceux qui sont le plus éloignés des opportunités (YPFO). D&rsquo;après les commentaires des animateurs de jeunesse, des volontaires et des organisations partenaires, le projet a été motivé par le manque d&rsquo;outils et de stratégies ciblés pour promouvoir efficacement la MI, en particulier auprès des jeunes ayant moins d&rsquo;opportunités en raison de barrières sociales, économiques ou psychologiques.</p>
<p>Le projet rassemble un consortium solide d&rsquo;organisations de jeunesse à travers l&rsquo;Europe &#8211; ESN France, OBESSU, CID, Connect Brussels, et Y-E-N &#8211; chacune ayant une expertise avérée en matière de mobilité internationale, d&rsquo;inclusion et d&rsquo;autonomisation des jeunes. L&rsquo;objectif est de doter les animateurs de jeunesse d&rsquo;outils adaptés et efficaces pour sensibiliser aux opportunités de la MI et de développer des ressources innovantes qui s&rsquo;adressent directement aux jeunes, en particulier à ceux qui ne sont généralement pas touchés par ce type de programmes.</p>
<p>Le projet aboutira à</p>
<ul>
<li aria-level="1">Une analyse des pratiques actuelles des jeunes travailleurs en matière de gestion de l&rsquo;information (WP2),</li>
<li aria-level="1">Une boîte à outils de promotion de la mobilité internationale pour les animateurs de jeunesse (WP3),</li>
<li aria-level="1">Un outil numérique interactif pour le parcours de la MI et des vidéos de sensibilisation pour les jeunes (WP4).</li>
</ul>
<p>Grâce à une approche de pair à pair et d&rsquo;éducation non formelle, le projet garantit que les animateurs de jeunesse acquièrent de nouvelles méthodes pour promouvoir efficacement la MI et que les jeunes, en particulier ceux qui n&rsquo;envisagent pas la mobilité comme une option, disposent d&rsquo;informations accessibles et attrayantes.</p>
